 28523.
7
What is the remainder when 244217 is divided by 29?
8
Calculate the remainder when 376748 is divided by 5980.
8
What is the remainder when 5544 is divided by 368?
24
Calculate the remainder when 5517 is divided by 2745.
27
Calculate the remainder when 4658 is divided by 2308.
42
Calculate the remainder when 44592 is divided by 22282.
28
Calculate the remainder when 2105 is divided by 73.
61
Calculate the remainder when 190753 is divided by 95367.
19
Calculate the remainder when 656 is divided by 276.
104
What is the remainder when 28022 is divided by 1245?
632
Calculate the remainder when 543561 is divided by 84.
81
Calculate the remainder when 1652 is divided by 709.
234
Calculate the remainder when 5989 is divided by 55.
49
What is the remainder when 194689 is divided by 1837?
1804
Calculate the remainder when 2545 is divided by 762.
259
What is the remainder when 110053 is divided by 33?
31
What is the remainder when 6448 is divided by 806?
0
What is the remainder when 1307 is divided by 1294?
13
What is the remainder when 2388437 is divided by 26?
25
Calculate the remainder when 42415 is divided by 251.
247
Calculate the remainder when 1724 is divided by 17.
7
Calculate the remainder when 2899 is divided by 3.
1
What is the remainder when 1007 is divided by 13?
6
What is the remainder when 855315 is divided by 308?
307
Calculate the remainder when 16880 is divided by 468.
32
What is the remainder when 17622 is divided by 526?
264
Calculate the remainder when 3498 is divided by 7.
5
What is the remainder when 254182 is divided by 157?
156
Calculate the remainder when 17510 is divided by 4374.
14
Calculate the remainder when 7130 is divided by 52.
6
What is the remainder when 13592 is divided by 171?
83
What is the remainder when 88445 is divided by 145?
140
Calculate the remainder when 1758525 is divided by 879257.
11
Calculate the remainder when 1160 is divided by 37.
13
What is the remainder when 386087 is divided by 42897?
14
Calculate the remainder when 14882 is divided by 123.
122
Calculate the remainder when 1895 is divided by 585.
140
Calculate the remainder when 168726 is divided by 948.
930
Calculate the remainder when 3738 is divided by 565.
348
Calculate the remainder when 1606346 is divided by 75.
71
What is the remainder when 21928 is divided by 90?
58
What is the remainder when 40479 is divided by 230?
229
What is the remainder when 665 is divided by 2?
1
Calculate the remainder when 1096 is divided by 89.
28
What is the remainder when 4660 is divided by 47?
7
What is the remainder when 10341 is divided by 203?
191
What is the remainder when 4565 is divided by 66?
11
What is the remainder when 11838 is divided by 141?
135
Calculate the remainder when 60615 is divided by 681.
6
Calculate the remainder when 124387 is divided by 62150.
87
What is the remainder when 107537 is divided by 21504?
17
What is the remainder when 357979 is divided by 8325?
4
Calculate the remainder when 1397 is divided by 118.
99
Calculate the remainder when 806637 is divided by 80.
77
Calculate the remainder when 34572 is divided by 3.
0
Calculate the remainder when 11553 is divided by 53.
52
What is the remainder when 6517 is divided by 628?
237
What is the remainder when 670994 is divided by 244?
238
Calculate the remainder when 137212 is divided by 198.
196
What is the remainder when 3541 is divided by 41?
15
Calculate the remainder when 6954 is divided by 162.
150
Calculate the remainder when 504286 is divided by 288.
286
Calculate the remainder when 412378 is divided by 435.
433
What is the remainder when 745777 is divided by 14?
11
Calculate the remainder when 23384 is divided by 2.
0
What is the remainder when 33983 is divided by 29?
24
What is the remainder when 1148 is divided by 305?
233
What is the remainder when 140731 is divided by 28144?
11
Calculate the remainder when 2375989 is divided by 23.
20
What is the remainder when 10624 is divided by 10?
4
Calculate the remainder when 95217 is divided by 4.
1
Calculate the remainder when 2376 is divided by 147.
24
Calculate the remainder when 37727 is divided by 31.
0
What is the remainder when 9606 is divided by 1919?
11
What is the remainder when 23774 is divided by 705?
509
Calculate the remainder when 513371 is divided by 2087.
2056
Calculate the remainder when 627477 is divided by 249.
246
What is the remainder when 7545 is divided by 512?
377
What is the remainder when 863 is divided by 278?
29
What is the remainder when 725383 is divided by 1213?
9
What is the remainder when 334807 is divided by 51?
43
Calculate the remainder when 3679 is divided by 216.
7
What is the remainder when 4475 is divided by 37?
35
Calculate the remainder when 210216 is divided by 770.
6
What is the remainder when 3018 is divided by 1451?
116
What is the remainder when 99824 is divided by 37?
35
What is the remainder when 98267 is divided by 155?
152
What is the remainder when 1749 is divided by 83?
6
Calculate the remainder when 7782 is divided by 14.
12
What is the remainder when 80644 is divided by 287?
284
Calculate the remainder when 88817 is divided by 728.
1
Calculate the remainder when 26753 is divided by 20.
13
Calculate the remainder when 187186 is divided by 36.
22
What is the remainder when 84479 is divided by 704?
703
Calculate the remainder when 966179 is divided by 78.
71
Calculate the remainder when 37324 is divided by 424.
12
Calculate the remainder when 575347 is divided by 1464.
1459
Calculate the remainder when 413177 is divided by 22.
17
What is the remainder when 14659 is divided by 14601?
58
What is the remainder when 298152 is divided by 11?
8
Calculate the remainder when 4308 is divided by 611.
31
Calculate the remainder when 74469 is divided by 208.
5
What is the remainder when 311078 is divided by 385?
383
What is the remainder when 102339 is divided by 8?
3
Calculate the remainder when 732895 is divided by 74.
73
What is the remainder when 4868 is divided by 1314?
926
What is the remainder when 3296 is divided by 367?
360
Calculate the remainder when 225 is divided by 84.
57
What is the remainder when 69158 is divided by 34443?
272
Calculate the remainder when 975 is divided by 72.
39
What is the remainder when 1701 is divided by 89?
10
What is the remainder when 19961 is divided by 338?
19
Calculate the remainder when 138364 is divided by 4771.
5
Calculate the remainder when 659006 is divided by 14.
12
Calculate the remainder when 576485 is divided by 12010.
5
What is the remainder when 117247 is divided by 814?
31
Calculate the remainder when 748351 is divided by 706.
697
What is the remainder when 109246 is divided by 12135?
31
What is the remainder when 1829 is divided by 225?
29
Calculate the remainder when 16003 is divided by 404.
247
What is the remainder when 73885 is divided by 357?
343
What is the remainder when 31108 is divided by 17?
15
What is the remainder when 178491 is divided by 2?
1
What is the remainder when 391441 is divided by 195716?
9
What is the remainder when 11961 is divided by 104?
1
What is the remainder when 505 is divided by 96?
25
Calculate the remainder when 523474 is divided by 1283.
10
What is the remainder when 8842 is divided by 126?
22
What is the remainder when 15633 is divided by 584?
449
What is the remainder when 240819 is divided by 306?
303
What is the remainder when 5406 is divided by 565?
321
Calculate the remainder when 4389 is divided by 69.
42
What is the remainder when 12492 is divided by 402?
30
Calculate the remainder when 1052054 is divided by 194.
186
Calculate the remainder when 8204 is divided by 93.
20
What is the remainder when 70425 is divided by 119?
96
What is the remainder when 657070 is divided by 936?
934
What is the remainder when 589674 is divided by 780?
774
Calculate the remainder when 8884 is divided by 58.
10
What is the remainder when 515577 is divided by 314?
303
What is the remainder when 20816 is divided by 35?
26
Calculate the remainder when 4691 is divided by 4410.
281
What is the remainder when 216397 is divided by 1745?
17
What is the remainder when 174830 is divided by 4?
2
What is the remainder when 19725 is divided by 565?
515
What is the remainder when 848 is divided by 288?
272
Calculate th